Let c(v) = 5*g(v) + 2*y(v). Give c(u).
-7
Let r = -48 - -16. Let x be r/(-14) - (-20)/(-70). Suppose 3*o - 11 = 3*v - x*o, -3*v = -3*o + 9. Let k(d) = -3*d**2 - 3*d - 1. Give k(v).
-7
Let m(t) = -7*t + 1. Let o = -55 + 56. What is m(o)?
-6
Let z(u) = -u**2 + 7*u - 8. Let f(y) = -y**3 - 5*y**2 - 3*y + 1. Let h be f(-4). Let k be h + 1 + 9 - 1. What is z(k)?
-2
Suppose 12 = g + 5. Let y(h) = h**3 - 6*h**2 - 9*h + 5. Calculate y(g).
-9
Let w(n) = -99*n**2 + 204*n**2 + 5*n - 1 - 99*n**2 + n**3. Give w(-5).
-1
Let z(v) be the second derivative of -v**6/720 - 7*v**5/120 - v**4/4 + 2*v. Let m(d) be the third derivative of z(d). What is m(-5)?
-2
Let j(a) = 3*a - 2. Let t = 11 - 9. Let p be 22/3 - 10/(-15). Let n be t/p + 9/(-4). What is j(n)?
-8
Suppose -7*w - 4 = -3*w. Let s(n) be the second derivative of -n**5/12 - 5*n**3/3 + 11*n. Let i(m) be the second derivative of s(m). Give i(w).
10
Let p be (-3)/9 + (-10)/(-3). Suppose p*d - 5*n + n = 7, -5*n = -4*d + 10. Let f = d - 6. Let r(w) = w**3 + 2*w**2 + w. Give r(f).
0
Suppose 2*n - 4*v + 2 + 12 = 0, 3*n - 3 = -2*v. Let f(k) = -3*k**3 + k**2 + k. Let c be f(n). Let x(a) = 2*a - 4. Give x(c).
2
Let k(d) = -d - 5. Suppose -2*t = -4*z + 52, -130 = 4*t + t - z. Let s be 88/(-14) - t/91. What is k(s)?
1
Let w(y) be the second derivative of -2*y**5/5 - y**3/6 - y**2/2 + 38*y. Calculate w(-1).
8
Let k(n) = -33 + 0*n + 6*n - n**3 + 30 + 3*n**2. Determine k(4).
5
Suppose -2*a = 5*a - 21. Let d(h) = -h**3 + 2*h**2 + 4*h. What is d(a)?
3
Let r be (8/10)/(1/20). Suppose -3*y = -5*y + r. Let v = y + -3. Let f(q) = q**3 - 5*q**2 + 2*q - 4. What is f(v)?
6
Let q(c) be the third derivative of -c**5/60 + c**4/6 - 7*c**3/6 + 3*c**2. Suppose 0*y + 35 = 7*y. Give q(y).
-12
Let q = 15 + -13. Let u(w) be the second derivative of 3*w - 1/12*w**4 - w**q - 2/3*w**3 + 0. Calculate u(-2).
2
Let s(b) be the first derivative of b**4/4 + 7*b**3/3 + 5*b**2 + 8*b - 12. Let c(o) = -o + 5. Let p be c(11). Give s(p).
-16
Let i(g) be the second derivative of g**4/6 + g**3/2 - g. Let c be 24/(-6) - (4/(-2) + 0). Give i(c).
2
Let b = 9 + -13. Let x = -2 - b. Let t(u) = 2 + 0*u**2 + u**x + 0*u + 3*u. Give t(-2).
0
Let l(v) = 1 - 1 - 5 + 3*v - 10*v. Let b(q) be the first derivative of -3*q**2 - 4*q + 1. Let g(r) = -6*b(r) + 5*l(r). Calculate g(5).
4
Let p(o) = 3*o**3 + 6*o**2 - 4*o - 6. Let t(n) = -4*n**3 - 6*n**2 + 5*n + 6. Suppose -4*z + 8 + 4 = 0. Let w(j) = z*p(j) + 2*t(j). Calculate w(-6).
6
Let h(u) be the second derivative of u**3/2 + 3*u**2/2 - 4*u. Calculate h(-3).
-6
Let s(q) = -q - 6. Let l be s(-8). Let y(b) be the first derivative of -7*b + 5 - 3*b**2 - 1 + 2*b**l. Give y(-5).
3
Let u(k) be the third derivative of k**5/60 - 5*k**4/24 + 2*k**3/3 - 21*k**2. Determine u(6).
10
Let k(l) = -2*l + 10 - 7 + 4*l + 6*l**2 - 4*l**2 - l**3. Calculate k(3).
0
Let k(f) = f**2 + f. Let l be 2/(1 + (1 - 0)). Let i(s) = s. Let u(a) = l*k(a) - 3*i(a). Let p be (-6)/4*(0 - 2). Calculate u(p).
3
Let l(h) be the first derivative of h**3/3 - 3*h**2 - 6*h - 12. Let t = 2 + 4. What is l(t)?
-6
Let b(n) = n - 1. Let j(q) = -8 + 24 - 3*q - 16*q. Let u(x) = 28*x - 24. Let z(y) = 7*j(y) + 5*u(y). Let o(s) = -6*b(s) + z(s). Give o(-3).
-5
Let c(k) be the first derivative of -4*k - 1 + k**3 - k**2 + 1/4*k**4. Let d be (0 - 3)/(-3) - (-2 - -6). Calculate c(d).
2
Let m(a) be the second derivative of a**6/720 - 7*a**5/120 + a**4/12 + a. Let y(v) be the third derivative of m(v). Give y(3).
-4
Let p(k) be the third derivative of 0 + 2/3*k**3 - 1/24*k**4 - 2*k**2 + 0*k. Give p(0).
4
Let p(b) = -b - 1. Let g be p(-4). Suppose 2*j = -g*j + 10. Let f(w) = 4*w - 2. Calculate f(j).
6
Let w(v) = -v**3 + 3*v**2 - 3*v - 3. Let r(s) = s**3 - 3*s**2 + 2*s + 3. Let f(c) = 4*r(c) + 3*w(c). Suppose -t + 4*l - 3*l + 8 = 0, -17 = -4*t + l. Give f(t).
0
Let c(v) = 5*v**3 - v**2 - v. Suppose 0 = d + 1. Let x be c(d). Let k(h) = -7 + 8*h + h**2 - 3*h + 0*h. What is k(x)?
-7
Let x(s) = s**3 + 3*s**2 - 4*s + 2. Let r be 11 + -1 + 1*-2. Suppose r = t + 12. Give x(t).
2
Let d(l) = 2*l**2 - 4*l + 2. Let f = 3 + 26. Let z = f - 26. Give d(z).
8
Let p(r) be the third derivative of r**7/840 + r**6/180 - r**5/60 - r**4/24 + r**3/6 - r**2. Let s(x) be the first derivative of p(x). Give s(-3).
-4
Let b(p) = -3*p**2 + 2*p - 1. Let k(d) = 6*d**2 - 3*d + 2. Let m(g) = 5*b(g) + 3*k(g). Determine m(-1).
3
Let a(i) be the first derivative of i**3/3 - 5*i**2/2 - 2*i - 9. Determine a(4).
-6
Let f(b) = b + 1. Let i be (24/(-9))/((-8)/12). What is f(i)?
5
Suppose -5*o + o + 8 = 0, j + 5*o - 3 = 0. Let i(n) = -4*n - 8. What is i(j)?
20
Let h(v) = -v**3 - 5 + 23*v**2 + 7 + 3*v - 26*v**2. Determine h(-4).
6
Let t(o) = o**3 - 3*o**2 + 6*o - 6. Let g(i) = i**3 - 2*i**2 + 6*i - 7. Let c(b) = -2*g(b) + 3*t(b). Determine c(4).
4
Suppose 0 = -c + 3*m, -4*c - 2*m - 16 = 2*m. Let w(x) = -x**2 - 3*x. Determine w(c).
0
Let q(y) = -2*y**2 + y + 6. Let s(b) = -1. Let i(f) = -5. Let v(p) = -i(p) + 4*s(p). Let n(c) = -q(c) + 3*v(c). Give n(3).
12
Let i(k) = k**2 + 6*k + 2. Let h be i(-6). Let c be 9/(-2)*h/(-3). Let t(s) = 1. Let y(g) = -2*g. Let m(r) = t(r) - y(r). Determine m(c).
7
Let t(g) = 0*g**3 + g**3 - 2*g**3 + 12*g**2 - 7*g**2 + g. Give t(4).
20
Let c(u) = 2*u**2 + u. Let q be c(1). Let s(d) = 2*d + 0*d**q - d**3 - d. What is s(-2)?
6
Let i(l) = -l**2 + 3*l. Let o be (-13 + 12)/((-2)/10). Calculate i(o).
-10
Let j(a) be the second derivative of a**3/6 + 2*a**2 - 24*a. Give j(-6).
-2
Let f(b) = -b**3 - 4*b**2. Suppose -6 = k - 0*m + 3*m, 0 = -4*k + 3*m - 9. What is f(k)?
-9
Let y(j) be the third derivative of j**6/120 + j**5/20 - 5*j**4/24 - j**3 + 3*j**2. Give y(-4).
-2
Let u = -11 - -20. Suppose -u = -3*i - 0*i. Let h(z) = -z**3 + 4*z**2 - 4*z + 4. What is h(i)?
1
Suppose 3*v - 3*p = 5*v, 0 = -p. Suppose -5*t + 25 = -v*t. Let a(s) be the first derivative of s**3/3 - 2*s**2 - 4*s - 1. What is a(t)?
1
Let d(b) = b**3 + 6*b**2 + b + 2. Let j(z) = -z**2. Let o(s) = -d(s) - 5*j(s). Give o(0).
-2
Let i(k) = k + 2. Let g be (-2)/(-3)*24/4. Suppose 0 = -t + 2*z + 7, -g*t - z + 1 + 9 = 0. Give i(t).
5
Let b = -7 + 11. Let d(n) = -n**3 + 3*n**2 + 5 - b*n**2 - 5*n**2 - 5*n. Let r = -18 - -13. Calculate d(r).
5
Let n(y) = 2 - 1 - 3 - 3*y. Let r(b) = 12*b - 5 + 14 - 4*b + b**2. Let g be r(-7). Determine n(g).
-8
Suppose -5*y - 12 = 3*x, 5*x - 2*y = 2*y + 17. Let i be 2/5 - (-26)/10. Let q(a) = -1 + 2*a**3 + 0 + 0*a**i. Calculate q(x).
1
Let c(g) = -g + 14. Let r(n) = n - 14. Let y(l) = -6*c(l) - 5*r(l). What is y(0)?
-14
Let r(o) = -4*o - 9*o**2 + o**3 - 6 + 12*o**2 - 2*o**3 - 8*o**2. Determine r(-5).
14
Let k = -40 + 36. Let i(x) = x**2 + 3*x + 2. Give i(k).
6
Let z be -1 + 1 - -1 - -6. Let c(q) = q**2 - 7*q + 2. Give c(z).
2
Let j = 2 - -1. Let l(r) = -j + 3*r - r**2 - 4*r - r. Give l(-2).
-3
Let k(a) be the first derivative of -a**3/3 + 3*a**2/2 - 4*a - 20. Let q(t) = t**3 + 6*t**2 + 3. Let i be q(-6). Suppose i*w + 2*w - 15 = 0. Give k(w).
-4
Let t(p) = -p**3 + 6*p**2 - 5*p - 3. Let w = -17 - -12. Let u = w - -8. Let y = u + 2. Give t(y).
-3
Let n(t) be the second derivative of -1/4*t**4 + 1/20*t**5 - 3*t + 0 - 1/2*t**2 - 2/3*t**3. Let m(b) = 4*b**2 + b - 1. Let i be m(1). Give n(i).
-1
Let k(c) = 2*c + 5. Let p(r) = r. Let l(s) = k(s) - p(s). Let y = 0 - 6. Give l(y).
-1
Let u(t) be the second derivative of -t**4/12 - t**3/3 + 2*t**2 - t. Let z(k) = k**2 + 6*k - 8. Let s be z(-7). Let g be s - (3 + -2 - -2). Calculate u(g).
-4
Let y = 48 + -44. Let c(b) = 6 + 0*b - b - 4. Calculate c(y).
-2
Let b(m) = -231*m**2 + 4*m + 2*m + 4 + 232*m**2 - 12. Determine b(-7).
-1
Let y be (-4)/(-6) + (-2)/(-6). Let s be 4/8*(-2)/y. Let a(m) = -3*m**2 + m + 4. Let i(q) = q**3 - q**2 + q. Let t(x) = s*i(x) - a(x). What is t(3)?
-1
Let q(j) be the second derivative of -2*j - 3/2*j**2 - 1/12*j**5 + 0 + 1/12*j**4 - j**3 + 1/120*j**6. Let h(p) be the first derivative of q(p). What is h(5)?
4
Let t be (-6)/15 - 36/10. Let g be t + -2 + (-5)/(-5). Let w(u) = -u + 5. Give w(g).
10
Let n(s) = -2*s**2 - 2*s - 3. Let l be 9/(-4)*16/6. Let q = l + 4. Determine n(q).
-7
Let g be 30/(-25)*25/5. Let p(k) = 2*k + 8. What is p(g)?
-4
Let w = 0 - -10. Suppose -5*s - w = -0. Let y(k) = -k**2 + 1. Give y(s).
-3
Let m(d) = -2*d**2 + 4*d - 4. Let 